{"id":18696,"date":"2026-01-19T15:30:43","date_gmt":"2026-01-19T14:30:43","guid":{"rendered":"https:\/\/black-forest-speed-club.de\/hp2020\/?post_type=product&#038;p=18696"},"modified":"2026-02-16T10:27:11","modified_gmt":"2026-02-16T09:27:11","slug":"motorrad-schraeglagen-training-bilster-berg-30-31-7-2026-donnerstag-freitag","status":"publish","type":"product","link":"https:\/\/black-forest-speed-club.de\/hp2020\/produkt\/motorrad-schraeglagen-training-bilster-berg-30-31-7-2026-donnerstag-freitag\/","title":{"rendered":"Motorrad-Schr\u00e4glagen-Training Bilster Berg  30.-31.7.2026 (Donnerstag-Freitag)"},"content":{"rendered":"<h2><strong>Motorrad-Schr\u00e4glagen-Training im Bilster Berg Drive Resort<\/strong><\/h2>\n<p>Auf vielseitigen Kundenwunsch f\u00fcr 2026 wieder im Programm der Black Forest Speed Clubs: der Bilster Berg, eine der anspruchvollsten Strecken weltweit.<\/p>\n<h3><strong>Termin &amp; Preise<\/strong><\/h3>\n<p><strong>Donnerstag, 30.7.26 bis Freitag, 31.7.26 | Anreise: Mittwoch, 29.7.26, ab 18.00 Uhr<\/strong><\/p>\n<p><strong>Motorrad-Schr\u00e4glagen-Training: Exklusiver Zeitblock f\u00fcrs gef\u00fchrte Fahren in kleinen Gruppen (i.d.R. maximal 6 Teilnehmer) mit Top-Instruktoren.<\/strong><\/p>\n<h3><strong>Trainingsprofil \/ Besonderheit<\/strong><\/h3>\n<p>Zweit\u00e4giges Motorrad-Schr\u00e4glagen-Training, Boxenanlage und das dazugeh\u00f6rige Fahrerlager 2 sind verf\u00fcgbar.<\/p>\n<p>Das <strong>Motorrad-Schr\u00e4glagen-Training <\/strong>hat das Ziel die Faszination Rennstrecke f\u00fcr jeden Teilnehmer in einem intensiven Trainingstag erfahrbar zu machen. Gefahren wird in drei Bl\u00f6cken freies Fahren und dem Schr\u00e4glagentraining. Bei dem ihr in einem exklusiven Zeitblock ausschlie\u00dflich in kleinen Gruppen mit erfahrenen BFSC- und MotoControl-Instruktoren fahrt. Wir planen pro Tag i.d.R bis zu 6 exklusive Zeitbl\u00f6cke f\u00fcr das Motorrad-Schr\u00e4glagen-Training mit bis 20 Minuten Fahrzeit.<\/p>\n<h3><strong>Fahrk\u00f6nnen<\/strong><\/h3>\n<p>Das <strong>Motorrad-Schr\u00e4glagen-Training<\/strong> eignet sich auch f\u00fcr Rennstrecken-Einsteiger mit ganz normalen Stra\u00dfenmotorr\u00e4der oder Gro\u00df-Enduros. Es sind keine Umbauten am Motorrad n\u00f6tig. Und auch keine Rennreifen. Ihr fahrt ohne Stress, Zweik\u00e4mpfe etc. in kleinen Gruppen von <strong>maximal 6 Motorr\u00e4dern<\/strong> (i.d.R. werden es 5 sein) mit den Jungs und M\u00e4dels von MotoControl und unseren BFSC-Instruktoren mit klaren \u00dcberholregeln. So k\u00f6nnt Ihr Euch ganz auf Eure Linie konzentrieren.<\/p>\n<h2><strong>Unsere Leistungen\u00a0<\/strong><\/h2>\n<ul>\n<li>Streckensicherung<\/li>\n<li>Top-Instruktoren<\/li>\n<li>Notarzt und Rettungssanit\u00e4ter<\/li>\n<li>Unser Catering: Mineralwasser, Softdrinks, Kaffee, Obst, belegte Brote, abends ein Freibier und die traditionelle Grillwurst<\/li>\n<\/ul>\n<h3>Nicht inkludiert:<\/h3>\n<ul>\n<li>Mittagessen (vor Ort bestellbar)<\/li>\n<li>Benzin<\/li>\n<li>Unterkunft\/Hotel<\/li>\n<\/ul>\n<h2><strong>Service<\/strong><\/h2>\n<ul>\n<li>Fotoservice von<strong> <a href=\"http:\/\/www.racepixx.de\">Racepixx.de | Marko Unger<\/a><\/strong><\/li>\n<li>Technischer Service (Fahrwerk, kleine Reparaturen, usw. <strong><a href=\"https:\/\/www.bridgestone.de\/motorrad-reifen\/\">Bridgestone-Reifendienst<\/a><\/strong>)<\/li>\n<\/ul>\n<p><strong>\u00dcbernachten im Fahrerlager ist erlaubt. <\/strong><\/p>\n<p>Toiletten und Stromanschl\u00fcsse f\u00fcrs Wohnmobil etc. sind vorhanden.<\/p>\n<h3 class=\"fusion-responsive-typography-calculated\" data-fontsize=\"24\" data-lineheight=\"28.8px\"><strong>\u00dcbernachtung<\/strong><\/h3>\n<p>N\u00e4chstgelegenes Hotel: der\u00a0<a href=\"http:\/\/www.germanenhof.de\/\">Germanenhof<\/a>\u00a0ein wirklich empfehlenswertes, familiengef\u00fchrtes Hotel mit toller K\u00fcche. Bitte beachtet, dass gute Hotels rar und immer mindestens 10 bis 15 Fahrminuten von der Strecke entfernt sind. Ihr ben\u00f6tigt au\u00dferdem immer Eure Nennbest\u00e4tigung, um auf die Strecke zu gelangen. Die Best\u00e4tigung erhaltet Ihr nach Nennung und Bezahlung als PDF.<\/p>\n<h2 class=\"fusion-responsive-typography-calculated\" data-fontsize=\"32\" data-lineheight=\"38.4px\"><strong>Ausr\u00fcstung<\/strong><\/h2>\n<p>Das Motorrad muss in technisch einwandfreiem Zustand sein. Vorgeschrieben sind ein Integralhelm (ECE-Norm), Motorradhandschuhe und -stiefel (keine Schn\u00fcrstiefel o.\u00e4.) plus Lederkombi (Ein- oder Zweiteiler) f\u00fcr das Motorrad-Training \/ Renntraining. <strong>F\u00fcr das gef\u00fchrte Motorrad-Schr\u00e4glagen-Training akzeptieren wir Motorrad-Textilbekleidung.<\/strong> Au\u00dferdem Pflicht: R\u00fcckenprotektor, der i.d.R. bereits in der Jacke eingearbeitet ist bzw. eine Airbag-Weste f\u00fcr optimalen Schutz.<\/p>\n<p>Bitte achtet auf gen\u00fcgend Reifenprofil (mindestens 3 mm), au\u00dferdem sollte der Reifen m\u00f6glichst nicht eckig gefahren sein, weil sich dadurch von allem das Einlenkverhalten negativ ver\u00e4ndert. Weiterhin wichtig: ausreichende Bremsbelagst\u00e4rke. Das Vorbeifahrger\u00e4usch von 98 dB(a) darf nicht \u00fcberschritten werden, was mit Serienauspuffanlagen problemlos ist. Bei Racing-Anlagen empfehlen wir den Einsatz eines dB-Eaters, bitte packt den deshalb unbedingt ein.<\/p>\n<p>Aus <strong>Sicherheitsgr\u00fcnden<\/strong> empfehlen wir die Demontage der Spiegel bzw. das Abklappen oder komplette Verkleben der Spiegel und die Demontage des Kennzeichen bzw. das Abkleben der Kanten des Kennzeichens (Verletzungsgefahr!).<\/p>\n<p>&nbsp;<\/p>\n<h2><\/h2>\n","protected":false},"excerpt":{"rendered":"<p class=\"ai-optimize-24\">Zweit\u00e4giges Motorrad-Schr\u00e4glagen-Training im Bilster Berg Drive Resort 30.-31.7.26 | Fahren in kleinen Gruppen von max. 6 Motorr\u00e4dern mit erfahrenen Instruktoren | auch f\u00fcr Einsteiger mit 48 PS-Motorrad geeignet | f\u00fcr ganz normale Stra\u00dfenmotorr\u00e4der und Gro\u00dfenduros konzipiert | keine Umbauten am Motorrad n\u00f6tig | Textilbekleidung und Klapphelme erlaubt<\/p>\n","protected":false},"featured_media":15757,"template":"","meta":[],"product_brand":[],"product_cat":[15,686,767],"product_tag":[363,624,704],"class_list":{"0":"post-18696","1":"product","2":"type-product","3":"status-publish","4":"has-post-thumbnail","6":"product_cat-motorrad-sicherheitstraining","7":"product_cat-motorrad-trainings","8":"product_cat-bilster-berg-drive-ressort","9":"product_tag-schraeglagen-training","10":"product_tag-bilster-berg-schraeglagen-training","11":"product_tag-motorrad-schraeglagentraining","13":"first","14":"instock","15":"sale","16":"sold-individually","17":"taxable","18":"shipping-taxable","19":"purchasable","20":"product-type-variable"},"yoast_head":"<!-- This site is optimized with the Yoast SEO Premium plugin v25.7.1 (Yoast SEO v27.3) - https:\/\/yoast.com\/product\/yoast-seo-premium-wordpress\/ -->\n<title>Black Forest Speed Club<\/title>\n<meta name=\"description\" content=\"Motorrad-Schr\u00e4glagen-Training- Bilster Berg - 30.-31.7.2026- ab 679 Euro - Top-Instruktoren von MotoControl und vom Black Forest Speed Club\" \/>\n<meta name=\"robots\" content=\"index, follow, max-snippet:-1, max-image-preview:large, max-video-preview:-1\" \/>\n<link rel=\"canonical\" href=\"https:\/\/black-forest-speed-club.de\/hp2020\/produkt\/motorrad-schraeglagen-training-bilster-berg-30-31-7-2026-donnerstag-freitag\/\" \/>\n<meta property=\"og:locale\" content=\"de_DE\" \/>\n<meta property=\"og:type\" content=\"article\" \/>\n<meta property=\"og:title\" content=\"Motorrad-Schr\u00e4glagen-Training Bilster Berg 30.-31.7.2026 (Donnerstag-Freitag)\" \/>\n<meta property=\"og:description\" content=\"Zweit\u00e4giges Motorrad-Schr\u00e4glagen-Training im Bilster Berg Drive Resort 30.-31.7.26 | Fahren in kleinen Gruppen von max. 6 Motorr\u00e4dern mit erfahrenen Instruktoren | auch f\u00fcr Einsteiger mit 48 PS-Motorrad geeignet | f\u00fcr ganz normale Stra\u00dfenmotorr\u00e4der und Gro\u00dfenduros konzipiert | keine Umbauten am Motorrad n\u00f6tig | Textilbekleidung und Klapphelme erlaubt\" \/>\n<meta property=\"og:url\" content=\"https:\/\/black-forest-speed-club.de\/hp2020\/produkt\/motorrad-schraeglagen-training-bilster-berg-30-31-7-2026-donnerstag-freitag\/\" \/>\n<meta property=\"og:site_name\" content=\"Black Forest Speed Club\" \/>\n<meta property=\"article:publisher\" content=\"https:\/\/www.facebook.com\/Blackforestspeedclub\" \/>\n<meta property=\"article:modified_time\" content=\"2026-02-16T09:27:11+00:00\" \/>\n<meta property=\"og:image\" content=\"https:\/\/black-forest-speed-club.de\/hp2020\/wp-content\/uploads\/2024\/09\/0789-240715-BB-020_789.jpg\" \/>\n\t<meta property=\"og:image:width\" content=\"1500\" \/>\n\t<meta property=\"og:image:height\" content=\"1000\" \/>\n\t<meta property=\"og:image:type\" content=\"image\/jpeg\" \/>\n<meta name=\"twitter:card\" content=\"summary_large_image\" \/>\n<meta name=\"twitter:label1\" content=\"Availability\" \/>\n\t<meta name=\"twitter:data1\" content=\"In stock\" \/>\n<script type=\"application\/ld+json\" class=\"yoast-schema-graph\">{\"@context\":\"https:\\\/\\\/schema.org\",\"@graph\":[{\"@type\":\"WebPage\",\"@id\":\"https:\\\/\\\/black-forest-speed-club.de\\\/hp2020\\\/produkt\\\/motorrad-schraeglagen-training-bilster-berg-30-31-7-2026-donnerstag-freitag\\\/\",\"url\":\"https:\\\/\\\/black-forest-speed-club.de\\\/hp2020\\\/produkt\\\/motorrad-schraeglagen-training-bilster-berg-30-31-7-2026-donnerstag-freitag\\\/\",\"name\":\"Black Forest Speed Club\",\"isPartOf\":{\"@id\":\"\\\/#website\"},\"primaryImageOfPage\":{\"@id\":\"https:\\\/\\\/black-forest-speed-club.de\\\/hp2020\\\/produkt\\\/motorrad-schraeglagen-training-bilster-berg-30-31-7-2026-donnerstag-freitag\\\/#primaryimage\"},\"image\":{\"@id\":\"https:\\\/\\\/black-forest-speed-club.de\\\/hp2020\\\/produkt\\\/motorrad-schraeglagen-training-bilster-berg-30-31-7-2026-donnerstag-freitag\\\/#primaryimage\"},\"thumbnailUrl\":\"https:\\\/\\\/black-forest-speed-club.de\\\/hp2020\\\/wp-content\\\/uploads\\\/2024\\\/09\\\/0789-240715-BB-020_789.jpg\",\"datePublished\":\"2026-01-19T14:30:43+00:00\",\"dateModified\":\"2026-02-16T09:27:11+00:00\",\"description\":\"Motorrad-Schr\u00e4glagen-Training- Bilster Berg - 30.-31.7.2026- ab 679 Euro - Top-Instruktoren von MotoControl und vom Black Forest Speed Club\",\"breadcrumb\":{\"@id\":\"https:\\\/\\\/black-forest-speed-club.de\\\/hp2020\\\/produkt\\\/motorrad-schraeglagen-training-bilster-berg-30-31-7-2026-donnerstag-freitag\\\/#breadcrumb\"},\"inLanguage\":\"de\",\"potentialAction\":[{\"@type\":\"ReadAction\",\"target\":[\"https:\\\/\\\/black-forest-speed-club.de\\\/hp2020\\\/produkt\\\/motorrad-schraeglagen-training-bilster-berg-30-31-7-2026-donnerstag-freitag\\\/\"]}]},{\"@type\":\"ImageObject\",\"inLanguage\":\"de\",\"@id\":\"https:\\\/\\\/black-forest-speed-club.de\\\/hp2020\\\/produkt\\\/motorrad-schraeglagen-training-bilster-berg-30-31-7-2026-donnerstag-freitag\\\/#primaryimage\",\"url\":\"https:\\\/\\\/black-forest-speed-club.de\\\/hp2020\\\/wp-content\\\/uploads\\\/2024\\\/09\\\/0789-240715-BB-020_789.jpg\",\"contentUrl\":\"https:\\\/\\\/black-forest-speed-club.de\\\/hp2020\\\/wp-content\\\/uploads\\\/2024\\\/09\\\/0789-240715-BB-020_789.jpg\",\"width\":1500,\"height\":1000},{\"@type\":\"BreadcrumbList\",\"@id\":\"https:\\\/\\\/black-forest-speed-club.de\\\/hp2020\\\/produkt\\\/motorrad-schraeglagen-training-bilster-berg-30-31-7-2026-donnerstag-freitag\\\/#breadcrumb\",\"itemListElement\":[{\"@type\":\"ListItem\",\"position\":1,\"name\":\"Startseite\",\"item\":\"https:\\\/\\\/black-forest-speed-club.de\\\/hp2020\\\/\"},{\"@type\":\"ListItem\",\"position\":2,\"name\":\"Shop\",\"item\":\"https:\\\/\\\/black-forest-speed-club.de\\\/hp2020\\\/shop\\\/\"},{\"@type\":\"ListItem\",\"position\":3,\"name\":\"Motorrad-Schr\u00e4glagen-Training Bilster Berg 30.-31.7.2026 (Donnerstag-Freitag)\"}]},{\"@type\":\"WebSite\",\"@id\":\"\\\/#website\",\"url\":\"\\\/\",\"name\":\"Black Forest Speed Club\",\"description\":\"Motorrad-Events von Matthias Schr\u00f6ter\",\"publisher\":{\"@id\":\"\\\/#organization\"},\"alternateName\":\"BFSC\",\"potentialAction\":[{\"@type\":\"SearchAction\",\"target\":{\"@type\":\"EntryPoint\",\"urlTemplate\":\"\\\/?s={search_term_string}\"},\"query-input\":{\"@type\":\"PropertyValueSpecification\",\"valueRequired\":true,\"valueName\":\"search_term_string\"}}],\"inLanguage\":\"de\"},{\"@type\":\"Organization\",\"@id\":\"\\\/#organization\",\"name\":\"Matthias Schr\u00f6ter GmbH\",\"alternateName\":\"Matthias Schr\u00f6ter GmbH\",\"url\":\"\\\/\",\"logo\":{\"@type\":\"ImageObject\",\"inLanguage\":\"de\",\"@id\":\"\\\/#\\\/schema\\\/logo\\\/image\\\/\",\"url\":\"https:\\\/\\\/black-forest-speed-club.de\\\/hp2020\\\/wp-content\\\/uploads\\\/2020\\\/02\\\/WhatsApp-Image-2019-07-01-at-18.37.24.jpeg\",\"contentUrl\":\"https:\\\/\\\/black-forest-speed-club.de\\\/hp2020\\\/wp-content\\\/uploads\\\/2020\\\/02\\\/WhatsApp-Image-2019-07-01-at-18.37.24.jpeg\",\"width\":1368,\"height\":912,\"caption\":\"Matthias Schr\u00f6ter GmbH\"},\"image\":{\"@id\":\"\\\/#\\\/schema\\\/logo\\\/image\\\/\"},\"sameAs\":[\"https:\\\/\\\/www.facebook.com\\\/Blackforestspeedclub\",\"https:\\\/\\\/www.facebook.com\\\/bridgestoneridingschool\",\"https:\\\/\\\/www.facebook.com\\\/Triumph.Street.Triple.Cup\"],\"email\":\"matthias@black-forest-speed-club.de\",\"telephone\":\"017676986672\",\"legalName\":\"Matthias Schr\u00f6ter GmbH\",\"foundingDate\":\"2019-03-29\",\"vatID\":\"DE815821352\",\"taxID\":\"42418712007\",\"numberOfEmployees\":{\"@type\":\"QuantitativeValue\",\"minValue\":\"1\",\"maxValue\":\"10\"}}]}<\/script>\n<meta property=\"og:availability\" content=\"instock\" \/>\n<meta property=\"product:availability\" content=\"instock\" \/>\n<meta property=\"product:condition\" content=\"new\" \/>\n<!-- \/ Yoast SEO Premium plugin. -->","yoast_head_json":{"title":"Black Forest Speed Club","description":"Motorrad-Schr\u00e4glagen-Training- Bilster Berg - 30.-31.7.2026- ab 679 Euro - Top-Instruktoren von MotoControl und vom Black Forest Speed Club","robots":{"index":"index","follow":"follow","max-snippet":"max-snippet:-1","max-image-preview":"max-image-preview:large","max-video-preview":"max-video-preview:-1"},"canonical":"https:\/\/black-forest-speed-club.de\/hp2020\/produkt\/motorrad-schraeglagen-training-bilster-berg-30-31-7-2026-donnerstag-freitag\/","og_locale":"de_DE","og_type":"article","og_title":"Motorrad-Schr\u00e4glagen-Training Bilster Berg 30.-31.7.2026 (Donnerstag-Freitag)","og_description":"Zweit\u00e4giges Motorrad-Schr\u00e4glagen-Training im Bilster Berg Drive Resort 30.-31.7.26 | Fahren in kleinen Gruppen von max. 6 Motorr\u00e4dern mit erfahrenen Instruktoren | auch f\u00fcr Einsteiger mit 48 PS-Motorrad geeignet | f\u00fcr ganz normale Stra\u00dfenmotorr\u00e4der und Gro\u00dfenduros konzipiert | keine Umbauten am Motorrad n\u00f6tig | Textilbekleidung und Klapphelme erlaubt","og_url":"https:\/\/black-forest-speed-club.de\/hp2020\/produkt\/motorrad-schraeglagen-training-bilster-berg-30-31-7-2026-donnerstag-freitag\/","og_site_name":"Black Forest Speed Club","article_publisher":"https:\/\/www.facebook.com\/Blackforestspeedclub","article_modified_time":"2026-02-16T09:27:11+00:00","og_image":[{"width":1500,"height":1000,"url":"https:\/\/black-forest-speed-club.de\/hp2020\/wp-content\/uploads\/2024\/09\/0789-240715-BB-020_789.jpg","type":"image\/jpeg"}],"twitter_card":"summary_large_image","twitter_misc":{"Availability":"In stock"},"schema":{"@context":"https:\/\/schema.org","@graph":[{"@type":"WebPage","@id":"https:\/\/black-forest-speed-club.de\/hp2020\/produkt\/motorrad-schraeglagen-training-bilster-berg-30-31-7-2026-donnerstag-freitag\/","url":"https:\/\/black-forest-speed-club.de\/hp2020\/produkt\/motorrad-schraeglagen-training-bilster-berg-30-31-7-2026-donnerstag-freitag\/","name":"Black Forest Speed Club","isPartOf":{"@id":"\/#website"},"primaryImageOfPage":{"@id":"https:\/\/black-forest-speed-club.de\/hp2020\/produkt\/motorrad-schraeglagen-training-bilster-berg-30-31-7-2026-donnerstag-freitag\/#primaryimage"},"image":{"@id":"https:\/\/black-forest-speed-club.de\/hp2020\/produkt\/motorrad-schraeglagen-training-bilster-berg-30-31-7-2026-donnerstag-freitag\/#primaryimage"},"thumbnailUrl":"https:\/\/black-forest-speed-club.de\/hp2020\/wp-content\/uploads\/2024\/09\/0789-240715-BB-020_789.jpg","datePublished":"2026-01-19T14:30:43+00:00","dateModified":"2026-02-16T09:27:11+00:00","description":"Motorrad-Schr\u00e4glagen-Training- Bilster Berg - 30.-31.7.2026- ab 679 Euro - Top-Instruktoren von MotoControl und vom Black Forest Speed Club","breadcrumb":{"@id":"https:\/\/black-forest-speed-club.de\/hp2020\/produkt\/motorrad-schraeglagen-training-bilster-berg-30-31-7-2026-donnerstag-freitag\/#breadcrumb"},"inLanguage":"de","potentialAction":[{"@type":"ReadAction","target":["https:\/\/black-forest-speed-club.de\/hp2020\/produkt\/motorrad-schraeglagen-training-bilster-berg-30-31-7-2026-donnerstag-freitag\/"]}]},{"@type":"ImageObject","inLanguage":"de","@id":"https:\/\/black-forest-speed-club.de\/hp2020\/produkt\/motorrad-schraeglagen-training-bilster-berg-30-31-7-2026-donnerstag-freitag\/#primaryimage","url":"https:\/\/black-forest-speed-club.de\/hp2020\/wp-content\/uploads\/2024\/09\/0789-240715-BB-020_789.jpg","contentUrl":"https:\/\/black-forest-speed-club.de\/hp2020\/wp-content\/uploads\/2024\/09\/0789-240715-BB-020_789.jpg","width":1500,"height":1000},{"@type":"BreadcrumbList","@id":"https:\/\/black-forest-speed-club.de\/hp2020\/produkt\/motorrad-schraeglagen-training-bilster-berg-30-31-7-2026-donnerstag-freitag\/#breadcrumb","itemListElement":[{"@type":"ListItem","position":1,"name":"Startseite","item":"https:\/\/black-forest-speed-club.de\/hp2020\/"},{"@type":"ListItem","position":2,"name":"Shop","item":"https:\/\/black-forest-speed-club.de\/hp2020\/shop\/"},{"@type":"ListItem","position":3,"name":"Motorrad-Schr\u00e4glagen-Training Bilster Berg 30.-31.7.2026 (Donnerstag-Freitag)"}]},{"@type":"WebSite","@id":"\/#website","url":"\/","name":"Black Forest Speed Club","description":"Motorrad-Events von Matthias Schr\u00f6ter","publisher":{"@id":"\/#organization"},"alternateName":"BFSC","potentialAction":[{"@type":"SearchAction","target":{"@type":"EntryPoint","urlTemplate":"\/?s={search_term_string}"},"query-input":{"@type":"PropertyValueSpecification","valueRequired":true,"valueName":"search_term_string"}}],"inLanguage":"de"},{"@type":"Organization","@id":"\/#organization","name":"Matthias Schr\u00f6ter GmbH","alternateName":"Matthias Schr\u00f6ter GmbH","url":"\/","logo":{"@type":"ImageObject","inLanguage":"de","@id":"\/#\/schema\/logo\/image\/","url":"https:\/\/black-forest-speed-club.de\/hp2020\/wp-content\/uploads\/2020\/02\/WhatsApp-Image-2019-07-01-at-18.37.24.jpeg","contentUrl":"https:\/\/black-forest-speed-club.de\/hp2020\/wp-content\/uploads\/2020\/02\/WhatsApp-Image-2019-07-01-at-18.37.24.jpeg","width":1368,"height":912,"caption":"Matthias Schr\u00f6ter GmbH"},"image":{"@id":"\/#\/schema\/logo\/image\/"},"sameAs":["https:\/\/www.facebook.com\/Blackforestspeedclub","https:\/\/www.facebook.com\/bridgestoneridingschool","https:\/\/www.facebook.com\/Triumph.Street.Triple.Cup"],"email":"matthias@black-forest-speed-club.de","telephone":"017676986672","legalName":"Matthias Schr\u00f6ter GmbH","foundingDate":"2019-03-29","vatID":"DE815821352","taxID":"42418712007","numberOfEmployees":{"@type":"QuantitativeValue","minValue":"1","maxValue":"10"}}]},"og_availability":"instock","product_availability":"instock","product_condition":"new"},"_links":{"self":[{"href":"https:\/\/black-forest-speed-club.de\/hp2020\/wp-json\/wp\/v2\/product\/18696","targetHints":{"allow":["GET"]}}],"collection":[{"href":"https:\/\/black-forest-speed-club.de\/hp2020\/wp-json\/wp\/v2\/product"}],"about":[{"href":"https:\/\/black-forest-speed-club.de\/hp2020\/wp-json\/wp\/v2\/types\/product"}],"wp:featuredmedia":[{"embeddable":true,"href":"https:\/\/black-forest-speed-club.de\/hp2020\/wp-json\/wp\/v2\/media\/15757"}],"wp:attachment":[{"href":"https:\/\/black-forest-speed-club.de\/hp2020\/wp-json\/wp\/v2\/media?parent=18696"}],"wp:term":[{"taxonomy":"product_brand","embeddable":true,"href":"https:\/\/black-forest-speed-club.de\/hp2020\/wp-json\/wp\/v2\/product_brand?post=18696"},{"taxonomy":"product_cat","embeddable":true,"href":"https:\/\/black-forest-speed-club.de\/hp2020\/wp-json\/wp\/v2\/product_cat?post=18696"},{"taxonomy":"product_tag","embeddable":true,"href":"https:\/\/black-forest-speed-club.de\/hp2020\/wp-json\/wp\/v2\/product_tag?post=18696"}],"curies":[{"name":"wp","href":"https:\/\/api.w.org\/{rel}","templated":true}]}}