{"id":18130,"date":"2025-10-26T10:34:28","date_gmt":"2025-10-26T09:34:28","guid":{"rendered":"https:\/\/black-forest-speed-club.de\/hp2020\/?post_type=product&#038;p=18130"},"modified":"2026-05-14T20:35:31","modified_gmt":"2026-05-14T18:35:31","slug":"motorrad-schraeglagen-training-salzburgring-16-5-2026","status":"publish","type":"product","link":"https:\/\/black-forest-speed-club.de\/hp2020\/produkt\/motorrad-schraeglagen-training-salzburgring-16-5-2026\/","title":{"rendered":"Motorrad-Schr\u00e4glagen-Training \u2013 Salzburgring 16.5.2026 (Samstag)"},"content":{"rendered":"<h1><u><img decoding=\"async\" class=\"lazyload alignnone wp-image-18106 size-large\" src=\"https:\/\/black-forest-speed-club.de\/hp2020\/wp-content\/uploads\/2025\/10\/Bild-22.10.25-um-14.49-1024x689.jpeg\" data-orig-src=\"https:\/\/black-forest-speed-club.de\/hp2020\/wp-content\/uploads\/2025\/10\/Bild-22.10.25-um-14.49-1024x689.jpeg\" alt=\"\" width=\"1024\" height=\"689\" srcset=\"data:image\/svg+xml,%3Csvg%20xmlns%3D%27http%3A%2F%2Fwww.w3.org%2F2000%2Fsvg%27%20width%3D%271024%27%20height%3D%27689%27%20viewBox%3D%270%200%201024%20689%27%3E%3Crect%20width%3D%271024%27%20height%3D%27689%27%20fill-opacity%3D%220%22%2F%3E%3C%2Fsvg%3E\" data-srcset=\"https:\/\/black-forest-speed-club.de\/hp2020\/wp-content\/uploads\/2025\/10\/Bild-22.10.25-um-14.49-60x40.jpeg 60w, https:\/\/black-forest-speed-club.de\/hp2020\/wp-content\/uploads\/2025\/10\/Bild-22.10.25-um-14.49-200x135.jpeg 200w, https:\/\/black-forest-speed-club.de\/hp2020\/wp-content\/uploads\/2025\/10\/Bild-22.10.25-um-14.49-300x202.jpeg 300w, https:\/\/black-forest-speed-club.de\/hp2020\/wp-content\/uploads\/2025\/10\/Bild-22.10.25-um-14.49-400x269.jpeg 400w, https:\/\/black-forest-speed-club.de\/hp2020\/wp-content\/uploads\/2025\/10\/Bild-22.10.25-um-14.49-500x336.jpeg 500w, https:\/\/black-forest-speed-club.de\/hp2020\/wp-content\/uploads\/2025\/10\/Bild-22.10.25-um-14.49-600x404.jpeg 600w, https:\/\/black-forest-speed-club.de\/hp2020\/wp-content\/uploads\/2025\/10\/Bild-22.10.25-um-14.49-700x471.jpeg 700w, https:\/\/black-forest-speed-club.de\/hp2020\/wp-content\/uploads\/2025\/10\/Bild-22.10.25-um-14.49-768x517.jpeg 768w, https:\/\/black-forest-speed-club.de\/hp2020\/wp-content\/uploads\/2025\/10\/Bild-22.10.25-um-14.49-800x538.jpeg 800w, https:\/\/black-forest-speed-club.de\/hp2020\/wp-content\/uploads\/2025\/10\/Bild-22.10.25-um-14.49-1024x689.jpeg 1024w, https:\/\/black-forest-speed-club.de\/hp2020\/wp-content\/uploads\/2025\/10\/Bild-22.10.25-um-14.49.jpeg 1198w\" data-sizes=\"auto\" data-orig-sizes=\"(max-width: 1024px) 100vw, 1024px\" \/>Motorrad-Schr\u00e4glagen-Training Salzburgring\u00a0<\/u><\/h1>\n<h3>Der Klassiker unter den europ\u00e4ischen Rennstrecken. Die mit der dieser einen Ecke, die M\u00e4nner von M\u00e4usen trennt: der Fahrerlagerkurve.<\/h3>\n<p>Dieser Termin l\u00e4sst sich prima verbinden. Mit einem schicken Kurzurlaub in \u00d6sterreich. Am Mondsee zum Beispiel. Unglaublich sch\u00f6ne Gegend, tolle Kulinarik.<\/p>\n<p>Auch an der Rennstrecke. Die Schnitzel in der Fahrerlager-Gastwirtschaft sind Legende. Hier geht es locker und famili\u00e4r zu. Genau das lieben wir. Kommt mit uns an den Salzburgring. Er ist schnell und einfach zu lernen.<\/p>\n<p>Mit diesem Event wenden wir uns auch und gerade an Einsteiger. Doch selbstverst\u00e4ndlich sind uns auch Salzburgring-Routiniers sehr willkommen.<\/p>\n<p>Sichert Euch fix einen der Pl\u00e4tze. Und seid schlau: h\u00e4ngt noch ein paar Tage Urlaub dran.<\/p>\n<p>Mit dem Motorrad-Sicherheitstraining bieten wir Einsteigern, ganz normalen Stra\u00dfenmotorradfahrern und der Gro\u00dfenduro-Fraktion eine elegante M\u00f6glichkeit diese historische Rennstrecke Schritt f\u00fcr Schritt unter Anleitung von erfahrenen Instruktoren kennenzulernen. Ihr fahrt ausschlie\u00dflich gef\u00fchrt und habt keinen Stress mit Zweik\u00e4mpfen und \u00dcberholman\u00f6vern etc. Ihr arbeitet nur an Euch und Eurer Linie.<\/p>\n<h3><u>Motorrad-Schr\u00e4glagen-Training am Salzburgring, Samstag, 16.5.2026\u00a0<\/u><\/h3>\n<h3>Veranstaltungs-Info:<\/h3>\n<p>Training in vier Gruppen, t\u00e4glich von 8.00 &#8211; 18.00 Uhr mit 90 min Mittagspause.<\/p>\n<p>Es gilt ein <strong>Fahrger\u00e4usch<\/strong> von 98 dB(A), entspricht ca. 104 dB(A) Standger\u00e4usch. In der Praxis bedeutet das in etwa das L\u00e4rm-Level vom Hockenheimring.<\/p>\n<p>Die Verwendung eines dB(A)-Eaters, sofern bauartbedingt vorgesehen, ist deshalb verpflichtend, auch f\u00fcr Serienauspuff-Anlagen. Zu laute Motorr\u00e4der werden von der Veranstaltung ausgeschlossen.<\/p>\n<p><strong>Besonderheit:<\/strong> Ihr fahrt in einem exklusiven Zeitblock, ausschlie\u00dflich in kleinen Gruppen, gef\u00fchrt von erfahrenen BFSC-Instruktoren. Ihr k\u00f6nnt Euch also ganz auf Eure Linie konzentrieren, frei von Zweik\u00e4mpfen und Bremsman\u00f6vern etc.<\/p>\n<h3>Service vor Ort:<\/h3>\n<p>Reifendienst<\/p>\n<p>Fotograf: t.b.a.<\/p>\n<p><a href=\"https:\/\/www.wikiwand.com\/de\/Salzburgring\">Strecke:<\/a><\/p>\n<p>Die Strecke ist fl\u00fcssig zu fahren und gibt auch Neulingen keine R\u00e4tsel auf. Als legend\u00e4r gilt die sogenannte Fahrerlagerkurve, an deren Bremspunkt erreichen Profis auf Superbikes Tempi von \u00fcber 300 km\/h. Ein Grund, warum hier keine Profi-Rennklassen, wie etwa die IDM, mehr gastieren. Es fehlt an zeitgem\u00e4\u00dfen Auslaufzonen. 1969, bei Bau der Strecke, konnte sich nat\u00fcrlich auch noch niemand ausmalen, dass Motorr\u00e4der \u00fcber so gewaltige Leistung verf\u00fcgen werden.<\/p>\n<p>F\u00fcr Hobbyracer anno 2026 gilt, dass die Fahrerlagerkurve, den n\u00f6tigen Respekt vorausgesetzt, eine Herausforderung und dann, irgendwann, ein enormes Vergn\u00fcgen darstellt.<\/p>\n<h3><u>Beschreibung Eignung<\/u><\/h3>\n<p>Durch die Einteilung in max. 4 Gruppen ist die Veranstaltung f\u00fcr alle K\u00f6nnensstufen geeignet. F\u00fcr Rennstrecken-Einsteiger und Fahrer von Stra\u00dfenmotorr\u00e4dern und Gro\u00df-Enduros bieten wir das <strong>Motorrad-Schr\u00e4glagentraining<\/strong> an, bei dem ihr unter F\u00fchrung erfahrener Instruktoren in kleinen Gruppen fahrt.<\/p>\n","protected":false},"excerpt":{"rendered":"<p>Eint\u00e4giges Motorrad-Schr\u00e4glagen-Training auf dem legend\u00e4ren Salzburgring am 16.5.2026 | Fahren in kleinen Gruppen mit Top-Instruktor im exklusiven Zeitblock | auch f\u00fcr Einsteiger ab 125er oder mit 48 PS-Motorrad bestens geeignet | viel exklusive Fahrzeit | hoher Lerneffekt | Kaffee, Wasser, Obst, Mittagssnack, Grillwurst und Feierabendbier inklusive | BWM-Testfahrt-Flotte: t.b.a.<\/p>\n<p>&nbsp;<\/p>\n","protected":false},"featured_media":11677,"template":"","meta":[],"product_brand":[],"product_cat":[685,686,15],"product_tag":[32,51,363,655,656,662,701],"class_list":{"0":"post-18130","1":"product","2":"type-product","3":"status-publish","4":"has-post-thumbnail","6":"product_cat-salzburgring","7":"product_cat-motorrad-trainings","8":"product_cat-motorrad-sicherheitstraining","9":"product_tag-kurvenschule","10":"product_tag-renntraining","11":"product_tag-schraeglagen-training","12":"product_tag-salzburgring","13":"product_tag-salzburgring-motorrad-training","14":"product_tag-motorrad-sicherheitstraining","15":"product_tag-triumph-racetrack-experience","17":"first","18":"instock","19":"purchasable","20":"product-type-variable"},"yoast_head":"<!-- This site is optimized with the Yoast SEO Premium plugin v25.7.1 (Yoast SEO v27.6) - https:\/\/yoast.com\/product\/yoast-seo-premium-wordpress\/ -->\n<title>Motorrad-Schr\u00e4glagen-Training \u2013 Salzburgring 16.5.2026 (Samstag) - Black Forest Speed Club<\/title>\n<meta name=\"description\" content=\"Motorrad-Schr\u00e4glagentraining Salzburgring 16.5.2026 | perfekter Br\u00fcckentags-Termin | viel Fahrzeit I Fahren in kleinen Gruppen mit Instruktoren\" \/>\n<meta name=\"robots\" content=\"index, follow, max-snippet:-1, max-image-preview:large, max-video-preview:-1\" \/>\n<link rel=\"canonical\" href=\"https:\/\/black-forest-speed-club.de\/hp2020\/produkt\/motorrad-schraeglagen-training-salzburgring-16-5-2026\/\" \/>\n<meta property=\"og:locale\" content=\"de_DE\" \/>\n<meta property=\"og:type\" content=\"article\" \/>\n<meta property=\"og:title\" content=\"Motorrad-Schr\u00e4glagen-Training \u2013 Salzburgring 16.5.2026 (Samstag)\" \/>\n<meta property=\"og:description\" content=\"Eint\u00e4giges Motorrad-Schr\u00e4glagen-Training auf dem legend\u00e4ren Salzburgring am 16.5.2026 | Fahren in kleinen Gruppen mit Top-Instruktor im exklusiven Zeitblock | auch f\u00fcr Einsteiger ab 125er oder mit 48 PS-Motorrad bestens geeignet | viel exklusive Fahrzeit | hoher Lerneffekt | Kaffee, Wasser, Obst, Mittagssnack, Grillwurst und Feierabendbier inklusive | BWM-Testfahrt-Flotte: t.b.a.  &nbsp;\" \/>\n<meta property=\"og:url\" content=\"https:\/\/black-forest-speed-club.de\/hp2020\/produkt\/motorrad-schraeglagen-training-salzburgring-16-5-2026\/\" \/>\n<meta property=\"og:site_name\" content=\"Black Forest Speed Club\" \/>\n<meta property=\"article:publisher\" content=\"https:\/\/www.facebook.com\/Blackforestspeedclub\" \/>\n<meta property=\"article:modified_time\" content=\"2026-05-14T18:35:31+00:00\" \/>\n<meta property=\"og:image\" content=\"https:\/\/black-forest-speed-club.de\/hp2020\/wp-content\/uploads\/2022\/11\/1100-220808_SR-102_1100-scaled.jpg\" \/>\n\t<meta property=\"og:image:width\" content=\"2560\" \/>\n\t<meta property=\"og:image:height\" content=\"1707\" \/>\n\t<meta property=\"og:image:type\" content=\"image\/jpeg\" \/>\n<meta name=\"twitter:card\" content=\"summary_large_image\" \/>\n<meta name=\"twitter:label1\" content=\"Availability\" \/>\n\t<meta name=\"twitter:data1\" content=\"In stock\" \/>\n<script type=\"application\/ld+json\" class=\"yoast-schema-graph\">{\"@context\":\"https:\\\/\\\/schema.org\",\"@graph\":[{\"@type\":\"WebPage\",\"@id\":\"https:\\\/\\\/black-forest-speed-club.de\\\/hp2020\\\/produkt\\\/motorrad-schraeglagen-training-salzburgring-16-5-2026\\\/\",\"url\":\"https:\\\/\\\/black-forest-speed-club.de\\\/hp2020\\\/produkt\\\/motorrad-schraeglagen-training-salzburgring-16-5-2026\\\/\",\"name\":\"Motorrad-Schr\u00e4glagen-Training \u2013 Salzburgring 16.5.2026 (Samstag) - Black Forest Speed Club\",\"isPartOf\":{\"@id\":\"\\\/#website\"},\"primaryImageOfPage\":{\"@id\":\"https:\\\/\\\/black-forest-speed-club.de\\\/hp2020\\\/produkt\\\/motorrad-schraeglagen-training-salzburgring-16-5-2026\\\/#primaryimage\"},\"image\":{\"@id\":\"https:\\\/\\\/black-forest-speed-club.de\\\/hp2020\\\/produkt\\\/motorrad-schraeglagen-training-salzburgring-16-5-2026\\\/#primaryimage\"},\"thumbnailUrl\":\"https:\\\/\\\/black-forest-speed-club.de\\\/hp2020\\\/wp-content\\\/uploads\\\/2022\\\/11\\\/1100-220808_SR-102_1100-scaled.jpg\",\"datePublished\":\"2025-10-26T09:34:28+00:00\",\"dateModified\":\"2026-05-14T18:35:31+00:00\",\"description\":\"Motorrad-Schr\u00e4glagentraining Salzburgring 16.5.2026 | perfekter Br\u00fcckentags-Termin | viel Fahrzeit I Fahren in kleinen Gruppen mit Instruktoren\",\"breadcrumb\":{\"@id\":\"https:\\\/\\\/black-forest-speed-club.de\\\/hp2020\\\/produkt\\\/motorrad-schraeglagen-training-salzburgring-16-5-2026\\\/#breadcrumb\"},\"inLanguage\":\"de\",\"potentialAction\":[{\"@type\":\"ReadAction\",\"target\":[\"https:\\\/\\\/black-forest-speed-club.de\\\/hp2020\\\/produkt\\\/motorrad-schraeglagen-training-salzburgring-16-5-2026\\\/\"]}]},{\"@type\":\"ImageObject\",\"inLanguage\":\"de\",\"@id\":\"https:\\\/\\\/black-forest-speed-club.de\\\/hp2020\\\/produkt\\\/motorrad-schraeglagen-training-salzburgring-16-5-2026\\\/#primaryimage\",\"url\":\"https:\\\/\\\/black-forest-speed-club.de\\\/hp2020\\\/wp-content\\\/uploads\\\/2022\\\/11\\\/1100-220808_SR-102_1100-scaled.jpg\",\"contentUrl\":\"https:\\\/\\\/black-forest-speed-club.de\\\/hp2020\\\/wp-content\\\/uploads\\\/2022\\\/11\\\/1100-220808_SR-102_1100-scaled.jpg\",\"width\":2560,\"height\":1707,\"caption\":\"Salzburgring, eine der sch\u00f6nsten Rennstrecken Europas\"},{\"@type\":\"BreadcrumbList\",\"@id\":\"https:\\\/\\\/black-forest-speed-club.de\\\/hp2020\\\/produkt\\\/motorrad-schraeglagen-training-salzburgring-16-5-2026\\\/#breadcrumb\",\"itemListElement\":[{\"@type\":\"ListItem\",\"position\":1,\"name\":\"Startseite\",\"item\":\"https:\\\/\\\/black-forest-speed-club.de\\\/hp2020\\\/\"},{\"@type\":\"ListItem\",\"position\":2,\"name\":\"Shop\",\"item\":\"https:\\\/\\\/black-forest-speed-club.de\\\/hp2020\\\/shop\\\/\"},{\"@type\":\"ListItem\",\"position\":3,\"name\":\"Motorrad-Schr\u00e4glagen-Training \u2013 Salzburgring 16.5.2026 (Samstag)\"}]},{\"@type\":\"WebSite\",\"@id\":\"\\\/#website\",\"url\":\"\\\/\",\"name\":\"Black Forest Speed Club\",\"description\":\"Motorrad-Events von Matthias Schr\u00f6ter\",\"publisher\":{\"@id\":\"\\\/#organization\"},\"alternateName\":\"BFSC\",\"potentialAction\":[{\"@type\":\"SearchAction\",\"target\":{\"@type\":\"EntryPoint\",\"urlTemplate\":\"\\\/?s={search_term_string}\"},\"query-input\":{\"@type\":\"PropertyValueSpecification\",\"valueRequired\":true,\"valueName\":\"search_term_string\"}}],\"inLanguage\":\"de\"},{\"@type\":\"Organization\",\"@id\":\"\\\/#organization\",\"name\":\"Matthias Schr\u00f6ter GmbH\",\"alternateName\":\"Matthias Schr\u00f6ter GmbH\",\"url\":\"\\\/\",\"logo\":{\"@type\":\"ImageObject\",\"inLanguage\":\"de\",\"@id\":\"\\\/#\\\/schema\\\/logo\\\/image\\\/\",\"url\":\"https:\\\/\\\/black-forest-speed-club.de\\\/hp2020\\\/wp-content\\\/uploads\\\/2020\\\/02\\\/WhatsApp-Image-2019-07-01-at-18.37.24.jpeg\",\"contentUrl\":\"https:\\\/\\\/black-forest-speed-club.de\\\/hp2020\\\/wp-content\\\/uploads\\\/2020\\\/02\\\/WhatsApp-Image-2019-07-01-at-18.37.24.jpeg\",\"width\":1368,\"height\":912,\"caption\":\"Matthias Schr\u00f6ter GmbH\"},\"image\":{\"@id\":\"\\\/#\\\/schema\\\/logo\\\/image\\\/\"},\"sameAs\":[\"https:\\\/\\\/www.facebook.com\\\/Blackforestspeedclub\",\"https:\\\/\\\/www.facebook.com\\\/bridgestoneridingschool\",\"https:\\\/\\\/www.facebook.com\\\/Triumph.Street.Triple.Cup\"],\"email\":\"matthias@black-forest-speed-club.de\",\"telephone\":\"017676986672\",\"legalName\":\"Matthias Schr\u00f6ter GmbH\",\"foundingDate\":\"2019-03-29\",\"vatID\":\"DE815821352\",\"taxID\":\"42418712007\",\"numberOfEmployees\":{\"@type\":\"QuantitativeValue\",\"minValue\":\"1\",\"maxValue\":\"10\"}}]}<\/script>\n<meta property=\"og:availability\" content=\"instock\" \/>\n<meta property=\"product:availability\" content=\"instock\" \/>\n<meta property=\"product:retailer_item_id\" content=\"1-2020-2-1-1-3-1-3-1-1-1-1-1-2-1-1\" \/>\n<meta property=\"product:condition\" content=\"new\" \/>\n<!-- \/ Yoast SEO Premium plugin. -->","yoast_head_json":{"title":"Motorrad-Schr\u00e4glagen-Training \u2013 Salzburgring 16.5.2026 (Samstag) - Black Forest Speed Club","description":"Motorrad-Schr\u00e4glagentraining Salzburgring 16.5.2026 | perfekter Br\u00fcckentags-Termin | viel Fahrzeit I Fahren in kleinen Gruppen mit Instruktoren","robots":{"index":"index","follow":"follow","max-snippet":"max-snippet:-1","max-image-preview":"max-image-preview:large","max-video-preview":"max-video-preview:-1"},"canonical":"https:\/\/black-forest-speed-club.de\/hp2020\/produkt\/motorrad-schraeglagen-training-salzburgring-16-5-2026\/","og_locale":"de_DE","og_type":"article","og_title":"Motorrad-Schr\u00e4glagen-Training \u2013 Salzburgring 16.5.2026 (Samstag)","og_description":"Eint\u00e4giges Motorrad-Schr\u00e4glagen-Training auf dem legend\u00e4ren Salzburgring am 16.5.2026 | Fahren in kleinen Gruppen mit Top-Instruktor im exklusiven Zeitblock | auch f\u00fcr Einsteiger ab 125er oder mit 48 PS-Motorrad bestens geeignet | viel exklusive Fahrzeit | hoher Lerneffekt | Kaffee, Wasser, Obst, Mittagssnack, Grillwurst und Feierabendbier inklusive | BWM-Testfahrt-Flotte: t.b.a.  &nbsp;","og_url":"https:\/\/black-forest-speed-club.de\/hp2020\/produkt\/motorrad-schraeglagen-training-salzburgring-16-5-2026\/","og_site_name":"Black Forest Speed Club","article_publisher":"https:\/\/www.facebook.com\/Blackforestspeedclub","article_modified_time":"2026-05-14T18:35:31+00:00","og_image":[{"width":2560,"height":1707,"url":"https:\/\/black-forest-speed-club.de\/hp2020\/wp-content\/uploads\/2022\/11\/1100-220808_SR-102_1100-scaled.jpg","type":"image\/jpeg"}],"twitter_card":"summary_large_image","twitter_misc":{"Availability":"In stock"},"schema":{"@context":"https:\/\/schema.org","@graph":[{"@type":"WebPage","@id":"https:\/\/black-forest-speed-club.de\/hp2020\/produkt\/motorrad-schraeglagen-training-salzburgring-16-5-2026\/","url":"https:\/\/black-forest-speed-club.de\/hp2020\/produkt\/motorrad-schraeglagen-training-salzburgring-16-5-2026\/","name":"Motorrad-Schr\u00e4glagen-Training \u2013 Salzburgring 16.5.2026 (Samstag) - Black Forest Speed Club","isPartOf":{"@id":"\/#website"},"primaryImageOfPage":{"@id":"https:\/\/black-forest-speed-club.de\/hp2020\/produkt\/motorrad-schraeglagen-training-salzburgring-16-5-2026\/#primaryimage"},"image":{"@id":"https:\/\/black-forest-speed-club.de\/hp2020\/produkt\/motorrad-schraeglagen-training-salzburgring-16-5-2026\/#primaryimage"},"thumbnailUrl":"https:\/\/black-forest-speed-club.de\/hp2020\/wp-content\/uploads\/2022\/11\/1100-220808_SR-102_1100-scaled.jpg","datePublished":"2025-10-26T09:34:28+00:00","dateModified":"2026-05-14T18:35:31+00:00","description":"Motorrad-Schr\u00e4glagentraining Salzburgring 16.5.2026 | perfekter Br\u00fcckentags-Termin | viel Fahrzeit I Fahren in kleinen Gruppen mit Instruktoren","breadcrumb":{"@id":"https:\/\/black-forest-speed-club.de\/hp2020\/produkt\/motorrad-schraeglagen-training-salzburgring-16-5-2026\/#breadcrumb"},"inLanguage":"de","potentialAction":[{"@type":"ReadAction","target":["https:\/\/black-forest-speed-club.de\/hp2020\/produkt\/motorrad-schraeglagen-training-salzburgring-16-5-2026\/"]}]},{"@type":"ImageObject","inLanguage":"de","@id":"https:\/\/black-forest-speed-club.de\/hp2020\/produkt\/motorrad-schraeglagen-training-salzburgring-16-5-2026\/#primaryimage","url":"https:\/\/black-forest-speed-club.de\/hp2020\/wp-content\/uploads\/2022\/11\/1100-220808_SR-102_1100-scaled.jpg","contentUrl":"https:\/\/black-forest-speed-club.de\/hp2020\/wp-content\/uploads\/2022\/11\/1100-220808_SR-102_1100-scaled.jpg","width":2560,"height":1707,"caption":"Salzburgring, eine der sch\u00f6nsten Rennstrecken Europas"},{"@type":"BreadcrumbList","@id":"https:\/\/black-forest-speed-club.de\/hp2020\/produkt\/motorrad-schraeglagen-training-salzburgring-16-5-2026\/#breadcrumb","itemListElement":[{"@type":"ListItem","position":1,"name":"Startseite","item":"https:\/\/black-forest-speed-club.de\/hp2020\/"},{"@type":"ListItem","position":2,"name":"Shop","item":"https:\/\/black-forest-speed-club.de\/hp2020\/shop\/"},{"@type":"ListItem","position":3,"name":"Motorrad-Schr\u00e4glagen-Training \u2013 Salzburgring 16.5.2026 (Samstag)"}]},{"@type":"WebSite","@id":"\/#website","url":"\/","name":"Black Forest Speed Club","description":"Motorrad-Events von Matthias Schr\u00f6ter","publisher":{"@id":"\/#organization"},"alternateName":"BFSC","potentialAction":[{"@type":"SearchAction","target":{"@type":"EntryPoint","urlTemplate":"\/?s={search_term_string}"},"query-input":{"@type":"PropertyValueSpecification","valueRequired":true,"valueName":"search_term_string"}}],"inLanguage":"de"},{"@type":"Organization","@id":"\/#organization","name":"Matthias Schr\u00f6ter GmbH","alternateName":"Matthias Schr\u00f6ter GmbH","url":"\/","logo":{"@type":"ImageObject","inLanguage":"de","@id":"\/#\/schema\/logo\/image\/","url":"https:\/\/black-forest-speed-club.de\/hp2020\/wp-content\/uploads\/2020\/02\/WhatsApp-Image-2019-07-01-at-18.37.24.jpeg","contentUrl":"https:\/\/black-forest-speed-club.de\/hp2020\/wp-content\/uploads\/2020\/02\/WhatsApp-Image-2019-07-01-at-18.37.24.jpeg","width":1368,"height":912,"caption":"Matthias Schr\u00f6ter GmbH"},"image":{"@id":"\/#\/schema\/logo\/image\/"},"sameAs":["https:\/\/www.facebook.com\/Blackforestspeedclub","https:\/\/www.facebook.com\/bridgestoneridingschool","https:\/\/www.facebook.com\/Triumph.Street.Triple.Cup"],"email":"matthias@black-forest-speed-club.de","telephone":"017676986672","legalName":"Matthias Schr\u00f6ter GmbH","foundingDate":"2019-03-29","vatID":"DE815821352","taxID":"42418712007","numberOfEmployees":{"@type":"QuantitativeValue","minValue":"1","maxValue":"10"}}]},"og_availability":"instock","product_availability":"instock","product_retailer_item_id":"1-2020-2-1-1-3-1-3-1-1-1-1-1-2-1-1","product_condition":"new"},"_links":{"self":[{"href":"https:\/\/black-forest-speed-club.de\/hp2020\/wp-json\/wp\/v2\/product\/18130","targetHints":{"allow":["GET"]}}],"collection":[{"href":"https:\/\/black-forest-speed-club.de\/hp2020\/wp-json\/wp\/v2\/product"}],"about":[{"href":"https:\/\/black-forest-speed-club.de\/hp2020\/wp-json\/wp\/v2\/types\/product"}],"wp:featuredmedia":[{"embeddable":true,"href":"https:\/\/black-forest-speed-club.de\/hp2020\/wp-json\/wp\/v2\/media\/11677"}],"wp:attachment":[{"href":"https:\/\/black-forest-speed-club.de\/hp2020\/wp-json\/wp\/v2\/media?parent=18130"}],"wp:term":[{"taxonomy":"product_brand","embeddable":true,"href":"https:\/\/black-forest-speed-club.de\/hp2020\/wp-json\/wp\/v2\/product_brand?post=18130"},{"taxonomy":"product_cat","embeddable":true,"href":"https:\/\/black-forest-speed-club.de\/hp2020\/wp-json\/wp\/v2\/product_cat?post=18130"},{"taxonomy":"product_tag","embeddable":true,"href":"https:\/\/black-forest-speed-club.de\/hp2020\/wp-json\/wp\/v2\/product_tag?post=18130"}],"curies":[{"name":"wp","href":"https:\/\/api.w.org\/{rel}","templated":true}]}}